n divisor of 66 and r?
6
Let b be 0/(-72) + (0 - 1 - -1). Let j be (b + 1)*1*(1 - -8). What is the highest common factor of 18 and j?
9
Let y(m) be the first derivative of -m**4/4 + 7*m**3/3 - 9*m**2/2 + 10*m + 72. Let c be y(4). What is the greatest common factor of c and 110?
22
Let i(t) = t**3 + 13*t**2 + 13*t + 389. Let v be i(-14). Calculate the highest common divisor of 33 and v.
11
Suppose 485*u = 480*u + 10, 4*y - 10112 = 4*u. What is the greatest common divisor of 605 and y?
55
Let u(q) = -85*q - 22. Let f(t) = t**3 - 5*t**2 - 6*t + 30. Let i be f(4). Let b be u(i). Calculate the highest common divisor of b and 46.
46
Suppose 5*n = 9*n - w - 34, n + 3*w - 2 = 0. Let l be (-376)/(-9) - (n/(-9))/4. What is the highest common factor of l and 18?
6
Suppose 42*v - 4 = 46*v. Let w be 8 + -11 + (-8)/v. Suppose l - z + 0*z - 11 = 0, 49 = w*l - 2*z. What is the highest common divisor of 9 and l?
9
Suppose 0 = l + 5*g - 3, 2*g = 2*l + l - 94. Let r be 148/l + (-2 - (-36)/21). Let i be r - -4*2*1/(-4). Calculate the highest common factor of i and 3.
3
Let c = 1761 + -1396. Calculate the highest common factor of c and 30.
5
Let l(m) = -m**3 + 7*m**2 + 17*m + 20. Let g be l(9). Let w be 54/(24/g + 34/(-187)). What is the greatest common factor of 162 and w?
27
Let w = 25 + 1. Let f = -20 + w. Suppose -f - 2 = n - 2*s, 2*n + 2*s - 14 = 0. Calculate the highest common factor of 8 and n.
2
Let f(j) = -j**3 - 18*j**2 + 21*j + 19. Let v be f(-19). Let y(t) = -t**2 - 25*t + 14. Let n be y(v). Calculate the highest common factor of n and 8.
8
Let h = 728 + 317. Let k = 2287 + -1988. Suppose 6*u = h + k. What is the greatest common divisor of u and 14?
14
Let z be (80/(-100))/(4/(-10)). Suppose 29 = -5*g + 2*r + 150, -4*g = -z*r - 96. Calculate the highest common factor of 75 and g.
25
Let b(t) = -14*t**2 - 11*t**2 + 34*t**2 - 8 + t - 6*t**2. Let w be b(3). Let n = 427 + -273. Calculate the greatest common factor of n and w.
22
Let t(h) = 2*h**2 + 14*h - 1. Let k be t(-7). Let i be (6 + -21)/(-2 - k). Suppose -13 = -2*m + 17. What is the greatest common factor of i and m?
15
Suppose 142 = 16*p - 418. Let m = 24 + -10. Calculate the greatest common divisor of m and p.
7
Let s be (90/4)/(-9)*(-40)/(-25). Let l be s/8*(1 + -47). What is the greatest common factor of l and 184?
23
Let x(a) = -a**3 + 12*a**2 + 7*a - 35. Let l be (37 - 1)*(10/(-30))/(-1). Let s be x(l). What is the greatest common factor of s and 7?
7
Suppose 443 + 299 = 7*j. Suppose 4*p - 19 = -k + 14, -2*k + 2*p + j = 0. Calculate the greatest common factor of 1519 and k.
49
Let v(t) = 4*t - 1. Let g be v(5). Let d = -7 + -7. Let w = g + d. Calculate the highest common divisor of 25 and w.
5
Suppose 1 = n - w - 2, n = -4*w + 3. Suppose 0 = -f + u + 2*u + 56, n*f - 168 = 4*u. Calculate the greatest common factor of f and 42.
14
Let f(u) = u**2 - 33*u - 31. Suppose 53*x = 52*x + 37. Let b be f(x). Calculate the highest common divisor of b and 26.
13
Suppose 7*f + f - 32 = 0. Suppose 0 = f*a - 6*a + 4*o - 100, -a - 56 = -5*o. Let g = 60 + a. What is the greatest common divisor of 42 and g?
14
Let t = 3848 + 9522. What is the highest common factor of t and 70?
70
Suppose 0 = 175*h - 31*h - 1415 - 4921. What is the greatest common divisor of h and 3476?
44
Let f = -64 - -241. Suppose 5*g = -387 - 168. Let w = g + f. What is the greatest common divisor of w and 165?
33
Suppose -4 = 4*k, t + 2*k = 43 + 18. Let l = -117 + 117. Suppose -3*j - 19*j + 462 = l. Calculate the highest common factor of t and j.
21
Suppose -5*f - 20 = 0, -3*t + 3*f = -t - 20. Suppose 6*h - 2*h = 5*l - 2, t*l = 3*h + 2. Suppose l*j + j = 27. Calculate the greatest common factor of 81 and j.
9
Let f be ((-18)/30)/(57/(-3135)). What is the greatest common divisor of f and 583?
11
Let y(z) = 5*z**3 - 3*z + 2. Let w be y(1). Suppose w*l = 38 + 22. Suppose 4*u + j - 95 = u, -2*j = -10. What is the greatest common divisor of l and u?
15
Suppose 0 = -m - 64 + 208 - 59. Let c(g) = g**3 - g**2 - g + 34. Let p be c(0). What is the greatest common factor of m and p?
17
Let t(z) = z**2 + 7*z + 12. Let y be t(-5). Suppose -5*q = -y*q - q. Suppose q = -s + 63 - 36. What is the greatest common factor of s and 3?
3
Suppose 5*l = -252 + 1212. Let x(v) = -4*v - 33. Let b be x(-11). Suppose -14*d = w - b*d - 9, -4*d = 20. What is the greatest common divisor of l and w?
24
Suppose -61*r + 7974 = -70*r. Let f = r + 956. Let l(o) = 2*o**2 - 3*o + 1. Let t be l(3). What is the greatest common divisor of t and f?
10
Let x(t) = t**3 + t**2 + t + 1. Let r be x(-1). Suppose 8*n - 2*n - 4*n = r. Suppose n = -i + 3 + 6. What is the highest common factor of 9 and i?
9
Let z be 14356/16 + (-87)/348. What is the greatest common divisor of 12259 and z?
299
Suppose 0 = 2*f + 35 - 217. Let m = -98461 + 98487. What is the greatest common factor of f and m?
13
Let s be (339/6)/(3 - (-14)/(-4)). Let o = -67 - s. Suppose -10 = 5*y, 2*b - 6 = -4*y + o. What is the highest common divisor of b and 15?
15
Let g be 1/(4/(-2))*240/60. Let j be (g/(-8))/(2/(-44))*-2. What is the highest common divisor of 121 and j?
11
Suppose o + 2*o - 2400 = 0. Let f(h) = 344*h + 1408. Let y be f(-4). What is the highest common factor of y and o?
32
Suppose 2964 = 81*n - 69*n. What is the highest common divisor of 559 and n?
13
Let o be 15/25 + 39/30*8. Let g(r) = -r**2 + 19*r - 71. Let s be g(o). What is the highest common factor of 4 and s?
1
Let t(j) = -2*j**2 + 14 + 10 - 6*j - 2*j - 4. Let k be t(-6). Let z be 133/5 - -1*k/(-10). What is the highest common factor of 3 and z?
3
Suppose 0 = -3*m + 21, -3*y = 3*m - 4285 - 7091. What is the greatest common divisor of y and 10?
5
Let j(w) be the third derivative of -5*w**4/24 - 5*w**3/3 - 49*w**2. Let t = -8 + -2. Let c be j(t). What is the greatest common factor of 120 and c?
40
Let h(y) = -y**3 - 5*y**2 + 5*y + 1. Let l be h(-6). Suppose 451 = k - 4*d + 446, d + 5 = 6*d. What is the highest common factor of k and l?
1
Suppose -4*t = -1711 - 1349. Let s(a) = 1323*a + 1368. Let l be s(-1). What is the greatest common divisor of t and l?
45
Let q be -16*1/4*-35. Let h(s) = -10*s**2 - 1317*s + 403. Let n be h(-132). Calculate the highest common divisor of n and q.
7
Suppose -8*u + 66196 = -5*m, 5*m - 8252 = 22*u - 23*u. What is the highest common divisor of 188 and u?
188
Let u = 28 + -18. Suppose -266*k - 5590 = -309*k. Calculate the greatest common factor of k and u.
10
Let h be (40/(-6))/(27/(-324)). Let d(c) = 2*c**3 - 10*c**2 - 3*c + 5. Let k be d(7). What is the greatest common factor of k and h?
20
Suppose 0 = -4*w - 5*v + 26 + 293, 3*w + 2*v - 241 = 0. Let m be (3*3/12)/(12/144). Calculate the highest common factor of m and w.
9
Let l be ((-155)/217)/((-3)/42). What is the greatest common factor of 3910 and l?
10
Let p = 193 - 73. Suppose -5*m = -3*q - 827, 568*m - 3*q = 564*m + 667. What is the highest common factor of p and m?
40
Suppose 2*j - 264 = 3*d - 7*d, 0 = 4*j - 2*d - 478. Let z = j + -74. Calculate the greatest common divisor of z and 48.
48
Suppose -10*f + 8*f + 272 = 0. Let z = 12227 - 11989. What is the highest common divisor of f and z?
34
Suppose -2*u = -4*n + 3*n + 723, 3*n - 2165 = 5*u. Let f(g) = g**3 + 5*g**2 + 4*g + 13. Let i be f(-4). What is the highest common factor of i and n?
13
Suppose 4*j - 204 = -2*b, -50 = -2*j - 5*b + 52. Suppose -2*m + 3*s = -37 - 692, 0 = -m + s + 362. What is the greatest common divisor of m and j?
51
Let l(j) = -11*j + 120. Let q be l(-12). What is the highest common divisor of q and 147?
21
Suppose -1632 = 413*n - 14848. Calculate the highest common factor of n and 1172.
4
Let j be ((-38)/(-3))/((-25 - -18)/(-84)). What is the greatest common divisor of 104 and j?
8
Let t(k) = k**3 - 20*k**2 + 3*k - 40. Let x(d) = -5*d + 10*d - 2*d + 16 - 4*d. Let q be x(-4). Let w be t(q). What is the highest common factor of 20 and w?
20
Let d = 640 + 103. Suppose d - 183 = 20*y. Calculate the greatest common divisor of 490 and y.
14
Let c = 138 - 119. Let n(a) = a**2 - 16*a - 41. Let v be n(c). What is the highest common factor of v and 144?
16
Let m = 18 - 16. Suppose -14*h - 284 = -1446. Suppose -2*c = -r - 65, -m*c - h = -4*c - 5*r. Calculate the greatest common divisor of c and 374.
3